w. What is the greatest common divisor of a and 36?
18
Let c(h) = -4*h - 2. Let g be c(-5). Let s be 291/g + (-1)/6. Let x be -1 - -2 - 127*-1. Calculate the highest common divisor of s and x.
16
Let q(x) = 0 + 7*x + x**2 - 2 + 3 - 2*x. Let g be q(-7). What is the greatest common divisor of g and 165?
15
Let c(w) = -2*w**3 - 3*w**2 - 3*w. Let q be c(-3). Suppose 3*r + 2*j = -j + 57, 2*r - q = -4*j. Calculate the highest common divisor of 8 and r.
4
Let q = -83 - -133. Calculate the greatest common divisor of 10 and q.
10
Let k = -21 + 37. Calculate the highest common divisor of k and 112.
16
Let r = 45 - 17. Suppose -2*h = -2*f - 48, 0 = -2*h + h - f + r. Calculate the highest common divisor of h and 104.
26
Let x be 40/2 - (-9 + 11). Let v(q) = 2*q**3 + 4*q**2 + q - 3. Let d be v(3). What is the greatest common divisor of d and x?
18
Let a be 1/3*51*1. What is the highest common factor of a and 85?
17
Suppose -2*f = 2*x - 4, 3 = 3*x + 4*f - 5. Let j = 1 - x. Let v be (-2)/1*j - -29. What is the greatest common divisor of 3 and v?
3
Let z(i) = i**3 - i**2 - i. Let y be z(4). What is the greatest common divisor of 11 and y?
11
Suppose 14 + 30 = 3*f + 2*h, -2*h + 12 = f. Suppose f + 65 = c. Calculate the highest common divisor of 9 and c.
9
Let l be ((-80)/15)/(8/(-12)). Suppose 4*b - 256 = -0. Calculate the greatest common divisor of b and l.
8
Suppose 0*b + 2*b - 6 = 0. Suppose b*z - 12 = -3. Suppose -4*s - 2*f + 58 = 0, -48 = -z*s - 6*f + 3*f. What is the highest common divisor of 130 and s?
13
Let y(v) = -1 + 3*v**3 - 2 - 2*v**3 + 0*v**3. Let w be y(0). Let j be (-6)/w - 2 - -154. Calculate the highest common factor of j and 14.
14
Suppose 16 = z - u, -15 = -z - 0*u + 2*u. Suppose 4*n = -0*o + 5*o - 182, 0 = -3*o + n + 105. What is the greatest common factor of o and z?
17
Let i = -1 + 6. Suppose -30 = -i*t + 70. What is the highest common divisor of 20 and t?
20
Let w be 11 - (-3)/6*4. What is the greatest common factor of w and 26?
13
Let n be 2/3*3 - 0. Suppose 2*u = -0*u - 2*a + 8, 0 = 3*a. What is the greatest common factor of u and n?
2
Suppose -4*v = -3*w - 102, 2*v = 2*w - 3*w + 56. What is the highest common divisor of 3 and v?
3
Suppose -z - w + 179 = 0, -3*w + w - 342 = -2*z. Suppose 0 = 4*c - n - 222, -4*c + 49 = -2*n - z. What is the highest common divisor of 22 and c?
11
Let v be (-1 + -1 - 1) + 17. Calculate the greatest common divisor of 112 and v.
14
Let m(s) = s**3 - 12*s**2 + 2*s - 16. Let n be m(12). Calculate the highest common factor of 4 and n.
4
Let m(n) = n**3 - 7*n**2 + 6*n + 7. Let d be m(7). Let a = -21 + d. What is the greatest common factor of a and 4?
4
Let t = 55 - 47. Calculate the highest common divisor of 3 and t.
1
Let u be (-9 + 3)/3 - 1. Let o(a) = -11*a - 7. Let w be o(u). What is the greatest common divisor of 52 and w?
26
Let w = 39 + -31. Let b be 4/(-20) - 441/(-5). What is the highest common factor of w and b?
8
Suppose 0 = -13*f + 4*f + 90. Calculate the highest common factor of 40 and f.
10
Let q(n) = n + 4. Let j be q(7). Suppose -3873 + 203 = -5*y. Suppose -4*v + 3*x = 253 - y, 3*v - 5*x = 358. Calculate the highest common divisor of j and v.
11
Let p be (-1)/4 - (-2460)/48. What is the highest common factor of p and 17?
17
Let c = 65 + -35. What is the greatest common divisor of 300 and c?
30
Suppose 0 = 3*r + 3*n - 9 - 15, -4*r + 5*n - 13 = 0. Let g be (192/5)/(r/15). Let q be g/5 - 9/(-15). What is the greatest common factor of q and 13?
13
Let f be (4 - 1)*(-20)/(-15). Calculate the highest common divisor of f and 4.
4
Let i be (45/36)/(2*(-1)/(-48)). Calculate the greatest common divisor of 12 and i.
6
Let g(i) = -i**3 - 2*i**2 + 4*i + 4. Let l be g(-3). Suppose 0 = 5*t + 5 - 40. What is the highest common divisor of t and l?
1
Suppose 0 = d - 4*d + 54. Suppose 9 = 2*q - 45. What is the greatest common factor of d and q?
9
Suppose 4*f - 4*v - 168 = 0, 0 = -f + 2*v + 44 - 2. Calculate the highest common divisor of 7 and f.
7
Let u be (36/(-42))/((-2)/56). Let z = 27 + -19. What is the highest common divisor of z and u?
8
Suppose -v = 0, -4*w + 0*v - 3*v = -952. Calculate the greatest common factor of w and 34.
34
Let a be 1 - -7 - (-9)/3. What is the greatest common factor of 11 and a?
11
Suppose -p - 22 = -3*p. Let l be 11/(-22)*(0 - -6). Let j = 8 - l. What is the highest common factor of p and j?
11
Let m(j) = -7*j - 6. Let r be m(-6). Calculate the greatest common factor of r and 72.
36
Suppose 5*y - 65 = -3*s, -5*y = -3*y + 5*s - 26. Calculate the highest common divisor of 26 and y.
13
Let l(h) = -9*h - 40. Let a be l(-6). What is the greatest common factor of a and 56?
14
Let f(r) = -r**2 - 6*r + 8. Let o be f(-6). Let k(q) = q**2 - 7*q + 6. Let d be k(o). Calculate the greatest common factor of d and 154.
14
Let c(f) = -7 + 5 + 4*f + 2. Let g be c(-1). Let j = 5 + g. What is the highest common factor of 5 and j?
1
Let f = 11 - 21. Suppose 2*o - 55 - 139 = 0. Let n be o/5 + 4/f. What is the greatest common divisor of 171 and n?
19
Suppose 5*o + 13 - 38 = 0. Suppose 4*b + 5*v = 161, -3*b + 0*v = -o*v - 112. Suppose 0*u + b = 3*u. What is the greatest common divisor of 91 and u?
13
Let t(b) = b**2 - 11*b + 20. Let m be t(15). What is the greatest common divisor of m and 5?
5
Let u(f) = f + 5. Let k be u(7). Calculate the highest common factor of 4 and k.
4
Let y(k) = -9*k - 12. Let d be y(-4). Let i = 21 - -39. Calculate the highest common factor of d and i.
12
Let f(g) = -g + 2*g - 1 + 1 - 2*g**2 + 12*g**3. Let d be f(1). What is the greatest common factor of 77 and d?
11
Suppose 3*h - 6*h = 0. Suppose -u + 27 - 1 = h. Calculate the highest common factor of 39 and u.
13
Let r be (8/(-12))/(1/(-6)). Calculate the greatest common divisor of 12 and r.
4
Let i = 111 - 109. Let c(s) = -s**2 + 4*s + 6. Let o be c(5). What is the greatest common divisor of o and i?
1
Let z(r) = 4*r - 5. Let d be z(5). Suppose 3*k = 2*w - 2*k + d, 35 = 5*w + 2*k. Suppose -w*q + 4*q + 14 = 0. What is the greatest common divisor of 2 and q?
2
Suppose -3*p = -8 + 2. Let y be p/8*-2*-350. Calculate the highest common factor of y and 25.
25
Let d(l) = l**3 - 5*l**2 + 6*l - 4. Let s be d(4). Let b(j) = -j**3 + 5*j**2 + 2*j - 4. Let f be b(s). Calculate the greatest common factor of f and 220.
20
Suppose z = -z + 76. Let c be 196/10 - 6/10. Calculate the greatest common divisor of z and c.
19
Suppose -105*w + 102*w = -105. Calculate the highest common factor of 35 and w.
35
Let g be ((-2)/(-5))/(7/35). Suppose -15 = -4*u - u. Let t be 4/u*6/4. What is the greatest common divisor of g and t?
2
Let b = -2 - -2. Suppose b = -2*j + 48 - 6. Calculate the greatest common factor of 42 and j.
21
Suppose -4*y - 5*i + 2 = -2, -4*y = -2*i + 24. Let c be (-606)/(-14) - y/(-14). Let z be -2 + c - (-6)/(-3). What is the greatest common factor of z and 26?
13
Suppose -10 = -4*t + 70. Suppose -t = -5*d + v, 4*d = -0*d + 4*v. Calculate the greatest common factor of d and 40.
5
Suppose -2*l + r - 200 = -7*l, 4*r = -2*l + 80. What is the highest common divisor of 10 and l?
10
Let k(o) = -o**3 - 13*o**2 - 18*o - 12. Let y be k(-12). Calculate the greatest common divisor of 40 and y.
20
Let i be 140/12 + 1 - 6/9. Let x(b) = -2*b. Let v be x(7). Let q = 74 + v. Calculate the greatest common factor of q and i.
12
Let w(t) = -4*t**2 - 1 + 11 + 3*t**2 - t. Suppose 0 = -3*n + 4*b - 7*b - 12, 4*n - 20 = 5*b. Let m be w(n). Calculate the highest common factor of 25 and m.
5
Suppose -b = -0 - 4. Suppose -b*w - w = -65. Let i be 2/5 - (-193)/5. Calculate the highest common divisor of w and i.
13
Let p(m) = 4*m**2 + 13*m + 6. Let z be p(-4). What is the greatest common factor of 9 and z?
9
Let z be (15/(-6))/((-3)/24). Suppose w = 6*w - z. Suppose 0 = o - 16 + w. Calculate the greatest common divisor of 132 and o.
12
Let q be -1 + 0 + 3 + 9. Suppose 2*v - 9 - q = 0. Let x = 48 - 33. What is the greatest common divisor of x and v?
5
Let i = -12 - -22. Suppose 0 = -v + 4. What is the highest common divisor of v and i?
2
Let z be (-1)/(0 + (-1)/12). Let q(k) = -3 - 12*k - 2 - 1 + 5*k**2 + 4*k + k**3. Let c be q(-6). Calculate the greatest common factor of c and z.
6
Suppose -4*h - 76 = -5*t - 2*h, 22 = 2*t + 2*h. Let m(n) = n**3 - 6*n**2 - 13*n.